 = -47, -3*d + x + 50 = 0. Let z(h) = 88*h + 13. Let i be z(10). What is the greatest common divisor of d and i?
19
Suppose 0 = -i - 3*m - 18, 0 = -i + 3*i + 2*m + 16. Let v be i/(18/8)*(-3)/(-1). Let a be (1 - 0)*(v + 15)*5. Calculate the highest common factor of 5 and a.
5
Let p = 95 + -29. Let c be (-2 + 14/10)/((-43)/6450). Suppose -12*g + p + c = 0. What is the highest common factor of g and 39?
13
Let r be 1*898*-1*(-2)/(-4). Let t = r + 534. What is the greatest common divisor of 20 and t?
5
Let i(z) = -22*z + 8. Let t be i(-6). Suppose 2*q - 56 = -4*k, 6*q - k = q + 96. Calculate the highest common divisor of t and q.
20
Let l be (-6 + 1)/((-1265)/116886). What is the highest common divisor of l and 1078?
154
Let n(t) = 333*t + 3. Suppose 0 = -2*x - v + 6*v + 12, -x - 2*v - 3 = 0. Let b be n(x). What is the greatest common divisor of b and 21?
21
Let f = 2706 - 2698. Calculate the greatest common divisor of f and 11320.
8
Let h(t) = -t**2 - 6*t + 17. Let j be h(-8). Let o be j/5*-5 + 1*15. What is the highest common divisor of 126 and o?
14
Suppose -42*r + 824 = -1276. What is the highest common divisor of r and 1450?
50
Suppose 8*k + 7*k = 1881 - 666. What is the greatest common divisor of 4 and k?
1
Let f be (-24)/28 + (-602)/98. Let s(h) = 3*h + 28. Let n be s(f). What is the greatest common divisor of n and 161?
7
Suppose 3*x - 5*h - 7 = 0, 5*x = 2*x - 2*h + 35. Let y be (1 - -9)*((-6516)/(-90) + -22). Calculate the greatest common factor of y and x.
9
Let s be 35*((-100)/(-7))/10. Let z be (2268/(-405))/((-54)/s + 1). What is the highest common divisor of 50 and z?
10
Suppose 2*j - 6*z = -10*z - 28, 5*z + 41 = -4*j. Let i be (j/((-40)/(-18)))/(24/(-160)). What is the highest common divisor of i and 28?
4
Suppose 2*i = 2*n - 0*i - 816, 4*i + 20 = 0. Let g be (748/220 - 6*1)*1*-5. Calculate the greatest common factor of n and g.
13
Suppose -3*j + 4 = -8, 4*t + j = 436. Let x be (4/3)/(6*(-10)/(-16200)). Suppose x = 3*o + t. Calculate the highest common factor of o and 24.
12
Let t(h) = -3*h - 1. Let b be t(-1). Let o be (-209)/(-38) + 6/4 + b. Calculate the greatest common factor of 81 and o.
9
Let x be 1/15 + 5*(-12223)/(-1275). Suppose -102 + 342 = 3*r. Calculate the highest common divisor of x and r.
16
Let s(y) = -21*y**2 + 153*y + 25. Let j(b) = 11*b**2 - 77*b - 13. Let f(c) = 11*j(c) + 6*s(c). Let g be f(14). What is the highest common factor of 15 and g?
3
Suppose -248*t + 342 = -134*t. Calculate the highest common factor of t and 70.
1
Let s = -46380 - -46930. Calculate the highest common divisor of 200 and s.
50
Let v be (2871/165 - 18)/(1/(-220)). Calculate the highest common divisor of v and 3498.
66
Let q = -47 - -362. Let x = 11859 - 11850. Calculate the highest common factor of q and x.
9
Suppose 1824 = -5*m + 1624. Let c be 12*-12*225/m. What is the greatest common divisor of 180 and c?
90
Let i = -8405 - -9967. Calculate the greatest common factor of 1846 and i.
142
Let i be 7 + -1 + (206 - 5). Let v = -183 + i. What is the highest common divisor of 192 and v?
24
Suppose 3*v = -2*v + 2*f + 3900, -3*f = -3*v + 2340. Let b = -29296 - -29320. Calculate the greatest common divisor of v and b.
12
Suppose -2*u + 102 = -k, 4*u - 200 = -8*k + 12*k. Suppose -3*d = -7*d + 3328. What is the highest common factor of d and u?
52
Let r(m) = 4*m + 21. Let y be r(-5). Suppose -k - y = 0, c = -3*k + 1 - 4. Suppose 5*h - 5 - 75 = c. Calculate the highest common factor of h and 2.
2
Let h be (-12)/(-48) + (-270)/(-8). Let n = h - 24. Let u be (-8)/28 - 111/42*-2. What is the greatest common divisor of u and n?
5
Let y(r) = r - 6. Let x be y(7). Let u(l) = 215*l - 6. Let p be u(x). What is the greatest common divisor of p and 19?
19
Let z = -8615 + 9167. What is the greatest common divisor of 144 and z?
24
Let p(r) = 548*r + 5863. Let i be p(-8). What is the greatest common divisor of i and 203?
29
Let j be (-121541)/(-49) + (36/14 - 3). Suppose -10*w + 950 = -j. Calculate the highest common factor of w and 98.
49
Let c(s) = -134*s - 304. Let y be c(-10). Calculate the greatest common factor of y and 8.
4
Suppose -916 + 1949 + 1271 = 4*o. Calculate the highest common divisor of o and 90.
18
Suppose 4*s = 5*w + 473, 4*s - 235 - 52 = 3*w. Let c be (-2 - w/3) + 1. Let k = -10633 + 10653. Calculate the greatest common factor of c and k.
10
Suppose 3*p - 2475 - 1272 = -3*g, -3762 = -3*g + 2*p. Suppose -d = -0*l - 5*l + 1571, -g = -4*l + 2*d. What is the highest common factor of l and 126?
63
Let b be 494 + 3 + -1 + -3. Let a be b/5 - (6/10 + -1). Suppose a = 7*d - 594. Calculate the greatest common divisor of 11 and d.
11
Let p = 108 + -316. Let c = 214 + p. What is the highest common factor of 12 and c?
6
Suppose 29*r = -1115 + 2739. Calculate the greatest common divisor of r and 1883.
7
Let i = 25375 + -25248. What is the greatest common divisor of 35687 and i?
127
Suppose 4*n = 3*n + 208. Suppose 5*a = -8*a + n. Calculate the highest common divisor of 2 and a.
2
Let v(n) = -n**3 - 23*n**2 + 52*n + 23. Let w be v(-26). Suppose -2*h = 5*c - 5*h - 1747, -2*c = -h - w. What is the highest common divisor of 14 and c?
14
Suppose 17*q - 14*q + 117 = 3*u, -31 = -u - q. What is the highest common factor of 91 and u?
7
Let s(z) = -z**2 - z + 7. Let g be s(4). Let d be (-30)/195 - 119/g. Suppose d + 31 = 2*x. Calculate the greatest common divisor of x and 220.
20
Suppose -5*m = -8*m + 6, -m = -3*x + 34. Suppose -2667 = -x*v + 9981. Calculate the greatest common divisor of v and 31.
31
Let f(n) = -n**2 - n - 18. Let a(j) = 2*j**2 + j + 37. Let z(x) = -6*a(x) - 13*f(x). Let p be z(-5). What is the greatest common factor of 34 and p?
2
Suppose 20 - 8 = 3*l, 0 = -g + 4*l + 31. Calculate the greatest common factor of 1269 and g.
47
Let x(r) = 8*r + 531. Let z be x(-60). Suppose -h - 82 = -541. Calculate the greatest common factor of z and h.
51
Let t = -407 + 429. Suppose -6*k + 1652 + 262 = 0. Calculate the greatest common factor of k and t.
11
Let x(c) = -2*c**3 + 8*c**2 + 12*c + 126. Let y be x(-6). Calculate the greatest common factor of 473 and y.
43
Let o = -27292 + 27331. What is the highest common divisor of o and 8216?
13
Let s = -15885 + 15970. What is the greatest common factor of s and 130?
5
Suppose 18837 = 32*u - 19*u. Suppose -u = -2*x - 19*x. What is the highest common divisor of x and 115?
23
Let g be (-588)/(-20) - (-56)/(-40). What is the greatest common divisor of g and 5894?
14
Let j(g) = -160*g - 8544. Let s be j(-67). What is the highest common divisor of s and 51?
17
Let a be 16761/(-2718) + 1*(-2)/(-12) + 237. Calculate the greatest common factor of a and 3311.
77
Suppose u = 4*g - 47, 2*g - g - 4*u = -7. Let y = -53 - -54. Let a be g/y*(7 + -6). Calculate the greatest common divisor of 26 and a.
13
Suppose 0 = 3*v - 18, 55*u = 58*u - 3*v - 15. Calculate the highest common divisor of u and 12991.
11
Suppose 0 = 5*c - 2*d - 83, 0*c - 4*c + d = -64. Suppose 0 = c*u - 16*u - 2*r + 43, 2*u - 88 = -2*r. Calculate the greatest common divisor of u and 36.
9
Let c(a) = 2*a**3 - 4*a**2 - 16*a + 42. Let d be c(4). Suppose d*i - 47*i + 70 = 0. What is the highest common divisor of i and 126?
14
Suppose 32*j - 41*j - 8559 = 0. Let c = 1055 + j. What is the greatest common divisor of 312 and c?
104
Let f(h) = -42*h**3 + h + 1. Let s = -17 - -16. Let g be f(s). Let c be 1*(0 - 2)*210/(-4). What is the greatest common divisor of c and g?
21
Suppose c = -5*q + 330, 3*c - 325 = -5*q + c. Suppose -4*r + 187 = q. Let o be 748/5 + 12/r. What is the greatest common factor of 30 and o?
30
Suppose -2*k + 8705 = -t, -6*t + 15 = -t. What is the greatest common divisor of 28 and k?
14
Let y be (-24)/72 + 53/(-3). Let m(s) = -14*s - 105. Let t be m(y). Calculate the greatest common factor of t and 21.
21
Let r = 40 + -6. Suppose 213*m - 167*m = 101*m - 2805. What is the greatest common divisor of m and r?
17
Suppose -8 = 2*m, -5*p - 18*m = -17*m - 56. Suppose 0 = -2*l - 3*a + 125, -9*l + 5*a - 188 = -p*l. What is the highest common factor of l and 305?
61
Let b = 42 + -41. Suppose 4*y - 17 = -5*d + 3*y, 5*y - b = -4*d. Suppose -3*k - 32 = -7*k. Calculate the highest common factor of d and k.
4
Let q = 9 + -5. Suppose -q*t + h = -29, 3*t = -4*h + 3 - 5